at is 17 + -142182?
-142166
In base 6, what is 14403 + 242?
15045
In base 15, what is -5 + -9d390?
-9d395
In base 4, what is -10 + -10330010?
-10330020
In base 10, what is 39374 + -5?
39369
In base 5, what is 42324 + -1043?
41231
In base 12, what is -292a6 + -1?
-292a7
In base 3, what is -210120102 - -10?
-210120022
In base 10, what is 82 - 1340?
-1258
In base 10, what is -9 - 1014?
-1023
In base 8, what is -11 - 761?
-772
In base 4, what is 3123 + -3230?
-101
In base 8, what is 3226231 + -4?
3226225
In base 14, what is 65 - 54?
11
In base 14, what is 9 + 17082?
1708b
In base 10, what is 521 - -139?
660
In base 7, what is -23 + -4543?
-4566
In base 15, what is 5 + 57a?
580
In base 6, what is 454 + 40505?
41403
In base 12, what is 17506 + -15?
174b1
In base 4, what is 2 + -2211203?
-2211201
In base 2, what is 11111010101000011 + -111?
11111010100111100
In base 6, what is -55 - 13541?
-14040
In base 8, what is 203626 - 3?
203623
In base 16, what is -7 - 68d1?
-68d8
In base 8, what is 1546 + -264?
1262
In base 2, what is 110010110 - 1001?
110001101
In base 5, what is 343132 + -101?
343031
In base 11, what is 91942 + -2?
91940
In base 4, what is 3132 + 3103111?
3112303
In base 13, what is -1 - -21b72c?
21b72b
In base 14, what is 0 - 125307?
-125307
In base 7, what is 2 + -14202?
-14200
In base 16, what is -34 - f27?
-f5b
In base 6, what is -34450 + -40?
-34530
In base 15, what is -13 - 109a9?
-109bc
In base 8, what is 1562 + 1643?
3425
In base 9, what is -1518 + -220?
-1738
In base 6, what is 451 + 300?
1151
In base 13, what is -4 + -c3b5b?
-c3b62
In base 3, what is -12000200100 - -111?
-12000122212
In base 11, what is 168 + 3176?
3333
In base 4, what is 1022 + 123221?
130303
In base 6, what is -1102425 + 0?
-1102425
In base 12, what is -4092 - 65?
-4137
In base 5, what is -402 - 4020013?
-4020420
In base 3, what is 11 - -1221001?
1221012
In base 7, what is -204026 + 1?
-204025
In base 6, what is -40 - -120512?
120432
In base 9, what is -233256 - 12?
-233268
In base 14, what is -17871 + -a?
-1787b
In base 13, what is -73 + -1479?
-151c
In base 10, what is 78781 + -58?
78723
In base 9, what is -2340370 - 4?
-2340374
In base 16, what is 0 - -1a23c?
1a23c
In base 13, what is 2 - -1a803?
1a805
In base 15, what is -2ceb + -6?
-2d02
In base 10, what is 4 + -31215?
-31211
In base 13, what is -93559 - 1?
-9355a
In base 3, what is -1220 - 11102?
-20022
In base 13, what is c1 + -375?
-284
In base 12, what is 3334 - -1?
3335
In base 3, what is -10002010 - -1110?
-10000200
In base 14, what is -3 + -32c1?
-32c4
In base 12, what is -136 - 54?
-18a
In base 13, what is 2578 + -8?
2570
In base 14, what is 4 + -3535?
-3531
In base 13, what is 14927 - 0?
14927
In base 14, what is -1 - -657c?
657b
In base 5, what is -41314 + -101?
-41420
In base 11, what is -3 + -294898?
-2948a0
In base 14, what is 2966 - c?
2958
In base 7, what is -4 - -1544100?
1544063
In base 10, what is 88222 - 1?
88221
In base 11, what is 1 + -2345?
-2344
In base 9, what is 233546 - -4?
233551
In base 3, what is -1210100111012 + 1?
-1210100111011
In base 10, what is -2491246 + 4?
-2491242
In base 13, what is 11 + -7bb8?
-7ba7
In base 4, what is -210 + -30021?
-30231
In base 15, what is -250a - 256?
-2761
In base 8, what is 1 + 63756?
63757
In base 5, what is 40410 + -31?
40324
In base 3, what is 10112112120 + -200?
10112111220
In base 12, what is -1 - 2b51?
-2b52
In base 5, what is 10 + 42442401?
42442411
In base 16, what is -3aa - 161?
-50b
In base 13, what is -20 + -8bc?
-90c
In base 2, what is -111000011100011000011 - 11?
-111000011100011000110
In base 5, what is 202234413 - -1?
202234414
In base 11, what is -44176 - 0?
-44176
In base 7, what is -1 + 3635526?
3635525
In base 8, what is 1301 + -10?
1271
In base 14, what is -20 + 31a8?
3188
In base 12, what is 4b481 - -6?
4b487
In base 9, what is 2 + -168616?
-168614
In base 3, what is 202102111 - 12?
202102022
In base 8, what is 43225 + -46?
43157
In base 11, what is -15 - 9a0?
-a05
In base 2, what is -1 + 10001011111111?
10001011111110
In base 9, what is -208761 - 11?
-208772
In base 6, what is -2210502 - 4?
-2210510
In base 8, what is 15 - 10643?
-10626
In base 9, what is -108257 + -5?
-108263
In base 12, what is 39 + 3786?
3803
In base 3, what is -11122212121 + 110?
-11122212011
In base 16, what is 143a + 3?
143d
In base 3, what is -11 + 1101201220?
1101201202
In base 15, what is -155d419 - -3?
-155d416
In base 10, what is -63626 + -2?
-63628
In base 16, what is -3 - -238b?
2388
In base 6, what is -12 + -1325444?
-1325500
In base 12, what is 37 - -6235?
6270
In base 16, what is -4353 + -8?
-435b
In base 2, what is -1000000 - 1001001?
-10001001
In base 9, what is -1422 - 458?
-1881
In base 16, what is 2 + b70?
b72
In base 2, what is -101010 + 1011011101101?
1011011000011
In base 10, what is 1254 - 274?
980
In base 4, what is 10 + -30112010?
-30112000
In base 4, what is -32212 - 2303?
-101121
In base 3, what is -221121011 - 202?
-221121220
In base 15, what is 7e4 + -16?
7cd
In base 6, what is -114514 - 3?
-114521
In base 15, what is -5380c - 0?
-5380c
In base 2, what is -11000101001110000 + -10?
-11000101001110010
In base 15, what is 3 - -6cdb?
6cde
In base 11, what is 5069 - 17?
5052
In base 16, what is -a5430 + 4?
-a542c
In base 9, what is -1378 - 424?
-1813
In base 14, what is -1b6b3 - -5?
-1b6ac
In base 9, what is 3 - -44671?
44674
In base 5, what is -3121342 - -24?
-3121313
In base 9, what is -1 + 1882517?
1882516
In base 6, what is 205202 - -101?
205303
In base 13, what is 368 + 1c0?
558
In base 4, what is -111313 - 100011?
-211330
In base 12, what is -1 + -1599b1?
-1599b2
In base 7, what is -42245 + 246?
-41666
In base 16, what is 106db + d?
106e8
In base 9, what is 241753 - 4?
241748
In base 3, what is 10 + -20022121211?
-20022121201
In base 3, what is 0 + 1102011111?
1102011111
In base 11, what is -25389 - 2?
-25390
In base 6, what is 111533 + 3?
111540
In base 14, what is -a4 - -3787?
36c3
In base 7, what is -1303 - -64?
-1206
In base 15, what is -10d7 + -c?
-10e4
In base 11, what is 1 + 1a12a9?
1a12aa
In base 12, what is -17 - -7400?
73a5
In base 6, what is 10 - 5013?
-5003
In base 6, what is 0 + 10305212?
10305212
In base 10, what is -19 + 1194?
1175
In base 5, what is 21 + -4232?
-4211
In base 12, what is -4 + 564718?
564714
In base 14, what is -5a0c - 2?
-5a10
In base 7, what is -1 - 60440?
-60441
In base 13, what is 2 + 1a88?
1a8a
In base 2, what is 1101000 + 100000?
10001000
In base 6, what is 2050 - -324?
2414
In base 7, what is -2303 - -12004?
6401
In base 3, what is -10200 - 111212?
-122112
In base 9, what is 1640 + -81?
1548
In base 12, what is -473492 + -1?
-473493
In base 16, what is -32 + c08?
bd6
In base 3, what is 12020112100211 + 1?
12020112100212
In base 6, what is -15023433 - 3?
-15023440
In base 14, what is 0 - a5026?
-a5026
In base 7, what is -24 + -63423?
-63450
In base 12, what is -3 - 201631?
-201634
In base 11, what is -333 + 75?
-269
In base 10, what is -1498888 - 4?
-1498892
In base 6, what is 154003 + -4?
153555
In base 9, what is 2433 - 736?
1586
In base 11, what is -83 + 1340?
1268
In base 8, what is 42 - 1141?
-1077
In base 4, what is -21 + 30002?
23321
In base 8, what is 110 + -3225?
-3115
In base 4, what is -1231 + 30331?
23100
In base 7, what is 2 - -2440361?
2440363
In base 11, what is -77 + 1183?
1107
In base 15, what is -726e0 - -7?
-726d8
In base 15, what is 6 + 1dc46?
1dc4c
In base 2, what is 1110100011 - 1000001010?
110011001
In base 10, what is -45 + -856?
-901
In base 15, what is 178 + -190?
-17
In base 13, what is -9 - -7964?
7958
In base 15, what is -d1b0 + 5?
-d1aa
In base 13, what is -3751 - -2?
-374c
In base 15, what is 78a + -c?
77d
In base 8, what is 16726 + -17?
16707
In base 15, what is 1355 + 7?
135c
In base 7, what is -265032 - 3?
-265035
In base 14, what is -3 + -5bda4?
-5bda7
In base 8, what is -4 - -1504222?
1504216
In base 2, what is -10101111011 + 1100?
-10101101111
In base 8, what is -1203 + 277?
-704
In base 4, what is -2210 + 3133?
323
In base 2, what is 1011 - 10000011000?
-10000001101
In base 9, what is 7 - -44122?
44130
In base 14, what is -19b03ab - 5?
-19b03b2
In base 13, what is -13a920 + 3?
-13a91a
In base 11, what is -5 - 4698?
-46a2
In base 16, what is 49d2 - 